((-2)/(-30))*70/175.
4
Suppose -4*h = -4*c - 532, -4*h - 2*c = -c - 522. Calculate the remainder when h is divided by (-440)/15*(-18)/12.
43
Let b = 10054 + -9929. What is the remainder when 3746 is divided by b?
121
Let v(o) be the second derivative of -o**4/12 - 37*o**3/6 - 2*o**2 + 4*o + 6. Calculate the remainder when v(-31) is divided by 61.
60
Suppose 8*y - 4466 = -7*y - 7*y. Calculate the remainder when 1613 is divided by y.
192
Let g be -3*698/(-9) - (-3)/9. Let u = 246 - g. What is the remainder when u is divided by 6/2*8/6?
1
Let h(x) = -104*x - 4257. Let s(m) = m**3 + m**2 - 2*m + 60. Let c be (-4)/(-8)*0/1. Calculate the remainder when s(c) is divided by h(-41).
4
Suppose -38*m - 109*m = -2492 - 448. Suppose 0 = -0*j + 2*j + 64. Calculate the remainder when (-7)/((-14)/m)*j/(-20) is divided by 10.
6
Suppose 0*i + 5*i = 60. Let v(g) be the third derivative of -5*g**4/8 - 125*g**3/3 - 4*g**2 + 41*g. Calculate the remainder when v(-18) is divided by i.
8
Calculate the remainder when 578 is divided by 2/(((-672)/348 - 2) + 4).
27
Let p = -127 + 287. Let z = p + -94. Let x = 178 + -164. What is the remainder when z is divided by x?
10
What is the remainder when 291 is divided by (1224/(-119))/6*(-7)/(-2) + 55?
46
Let x(t) = 2*t**3 - 7*t**2 - 3*t - 1. Let u(p) = 12*p**2 + 1. Suppose -5*d + 2 = -3. What is the remainder when u(d) is divided by x(4)?
1
Let j be ((-2)/3*3)/(2/4). Let z be (-33)/(-6) - (18/j)/(-3). Calculate the remainder when 56 is divided by z/(-10) - -1 - 564/(-60).
6
Let j(u) = -u**3 + 18*u**2 + 47*u - 3. Let y = -5442 + 5452. What is the remainder when j(19) is divided by y?
9
Let h = 135 + -26. What is the remainder when h is divided by 35/2 + -2 + 9/(36/14)?
14
What is the remainder when (2715/(-9))/(772/72 - 11) is divided by 272?
270
Let r(m) = -m**2 - 22*m + 50. Let k be r(-24). Let q be 1 + (-4)/2 - (k - -1). Calculate the remainder when 47 is divided by 22 - (q/(-2))/(-1).
23
Let h(d) = d**3 + 7*d**2 - 13*d - 12. Suppose -2013*i + 11400 = -1973*i. What is the remainder when i is divided by h(-8)?
5
Suppose t - 8 + 0 = 0. Suppose 3*u + t = 4*u. Suppose -301*y + 297*y + 52 = 0. What is the remainder when y is divided by u?
5
Let c = 22 - 7. Suppose 3*r = 3*d + 54, -5 = 5*d + c. Suppose 114*s + 759 = 147*s. Calculate the remainder when s is divided by r.
9
Let h be 2*(46/4 - -6). Let w = 8 + -19. Let c = h + w. What is the remainder when 142 is divided by c?
22
Let g = -206 - -346. Suppose 5*p = 0, -2*t + 2*p + g = p. What is the remainder when t is divided by 7?
0
Let m(a) = -4*a**2 - 9*a + 2. Let d be m(-3). Let o be (d/(-14))/((-2)/(-432)). Suppose 9 - o = -11*z. What is the remainder when 33 is divided by z?
6
Calculate the remainder when -4*(220/(-32))/(-5)*(-10 + -8) is divided by 81.
18
Suppose 5*p - 3*p = 4*n + 16, 4*p = -5*n + 97. Suppose 0 = 3*i + f - 1715, -476 - 85 = -i - 3*f. Calculate the remainder when i is divided by p.
15
Suppose 0 = -3*b + 91*b - 862 - 106. Calculate the remainder when 527 is divided by b.
10
Let g = -477 + 480. Suppose 225 = g*c - 3*u, -4*c + u + 2*u + 296 = 0. Calculate the remainder when 98 is divided by c.
27
Let g(j) = -37*j + 198. Suppose 3*z + 100 = 23*z. What is the remainder when 24 is divided by g(z)?
11
Suppose -5*a + 7*a + 5*m = 618, 3*a - 2*m - 889 = 0. What is the remainder when a is divided by 29?
9
Suppose -350*l - 210 = -719*l + 362*l. Calculate the remainder when 243 is divided by l.
3
Suppose 15*n - 1404 = -11*n. Suppose -4*o - a + 152 = 0, -2*a = 2*o - n - 22. Calculate the remainder when 300 is divided by o.
34
Let m(w) = 22*w**2 - 9*w - 94. What is the remainder when m(-3) is divided by 35?
26
Suppose -4*z = 11 - 27. Suppose -n + 1124 = z*d - 1000, 2*n - 1056 = -2*d. What is the remainder when d is divided by 41?
40
Let r = 45 - 39. Suppose 80 = 8*h - r*h. Let c = h - 36. Calculate the remainder when 12 is divided by c.
0
Suppose 6*a + 2*t - 776 = 0, 219*a - 222*a - 2*t = -389. What is the remainder when a is divided by 67?
62
Let y(t) = 3*t - 13. Let d = 29 + -22. Let i be y(d). Suppose i*c - 210 = 3*c. Calculate the remainder when 167 is divided by c.
41
Suppose -y - 4*s = -33, -40*y + 39*y - s = -42. What is the remainder when 27087 is divided by y?
42
Let q be ((-4)/3)/(1/(-6)) - 0. Suppose 4*d + g + q = -68, 40 = -d + 5*g. Calculate the remainder when (-1)/2*-8*(-85)/d is divided by 2.
1
Let h(k) = 62*k - 23. Suppose -3*r - 4*d = -4 + 9, -2*r - 2 = 2*d. Calculate the remainder when 70 is divided by h(r).
31
Let t(w) = 1 - 1337*w + 7*w**2 + 6 + 1340*w. What is the remainder when t(4) is divided by 22?
21
Let p = -7607 + 7785. What is the remainder when 193 is divided by p?
15
Let v(a) = -2*a**2 - 42*a + 128. Calculate the remainder when (-5 - -2) + 1 + 138 is divided by v(-23).
28
Suppose -3*y = -205 + 190. Let c be (1 - 0)*14 + 2. Let j = c - y. Calculate the remainder when 54 is divided by j.
10
Let s(p) = -17*p + 48. Let r(y) = 18*y - 48. Let i(f) = -2*r(f) - 3*s(f). Calculate the remainder when 341 is divided by i(7).
56
Let s be 24 + -2*(3 - 4)/(-1). Calculate the remainder when (1/2)/((-1)/(-36)) is divided by s/(-4 + 3 + 3).
7
Calculate the remainder when 418 is divided by -2 + ((-311)/(-4) - (-11 - -4)/28).
38
Let f(g) = 2*g**3 + 31*g**2 + 17*g + 32. Let s be f(-15). Suppose 0 = -0*t - s*t - 3*c + 38, 38 = 2*t - 2*c. What is the remainder when t is divided by 2?
1
Let o(a) = -5*a + 2. Let j be (-8)/20 - (-46)/(-10). Suppose -72*d + 11*d - 3*d + 3264 = 0. Calculate the remainder when d is divided by o(j).
24
Let x be 3/(-5) - 1023/(-155). Calculate the remainder when 74 is divided by (6/((-36)/10))/((-2)/x).
4
Let c(s) = 3*s**2 + 8*s + 19. Let b(g) = -g**2 - 19*g - 5. Let d be b(-19). Let q be c(d). Let f = q + -32. What is the remainder when 39 is divided by f?
17
Let u(d) = -d**3 - 3*d**2 - 3*d - 3. Let n(g) = -2227*g + 8929. Calculate the remainder when n(4) is divided by u(-3).
3
Let q = -281 - -251. Let l = q + 39. Calculate the remainder when l is divided by 4.
1
Suppose 3*t - 82 = -10. Let b be (28/21)/((-1)/(-3)) - 0. Suppose -5*r - i = -37, 4*i + 9 + 11 = b*r. Calculate the remainder when t is divided by r.
3
What is the remainder when (-44)/4 + 2870/14 is divided by 3?
2
Let l(p) = -2*p - 7. Let m(k) = -3*k - 7. Let o(q) = -6*l(q) + 5*m(q). Let a(b) = 55*b + 4628. Calculate the remainder when o(-9) is divided by a(-84).
2
Suppose 4*h - 250 = -h. Suppose 5*y = -4*i + 9322, 5589 = 12*y - 9*y + i. Suppose 1868*b - 66 = y*b. Calculate the remainder when h is divided by b.
6
Suppose 5*v + 3*i = 36, 17 = -5*i + 27. Let x = 5 + 6. Suppose 5*g + 2*h - 34 = 0, -2*g + 17 = -4*h - x. Calculate the remainder when g is divided by v.
2
Suppose 0 = 7*f - 12 - 79. What is the remainder when ((-8344)/126*9/(-6))/((-6)/(-9)) is divided by f?
6
Suppose 0 = 6*c - 11*c + 2575. Let r = 568 - c. Calculate the remainder when 89 is divided by r.
36
Suppose 38*a = 34*a - 2*y + 1636, a - 3*y = 388. Calculate the remainder when a is divided by 44.
10
Let f = 544 + -509. Suppose f*z - 38*z = -33. What is the remainder when 29 is divided by z?
7
Suppose -3*x + 138 = 3*m, m - 6 = -3*x + 32. Let h = 51 - m. What is the remainder when (h/3)/(12/1656) - 2 is divided by 23?
21
Let m(c) = 74*c**3 + 2*c - 1. Let b be 0 + -2 + (-2 + 6 - 1). Let u be m(b). What is the remainder when u + ((-3)/2)/((-18)/(-24)) is divided by 15?
13
Let y = -2616 + 3196. Calculate the remainder when y is divided by 66.
52
Calculate the remainder when ((10707/166)/129)/(61247/61246 + -1) is divided by 96.
95
Let w = -6226 - -6240. What is the remainder when 335 is divided by w?
13
Suppose -7*b + 5*b = -3*m + 1422, 2*m - 938 = -2*b. What is the remainder when (-1*8/2)/((-16)/m) is divided by 17?
16
Let n = -5 - 1. Let m(s) = -31*s - 150. Calculate the remainder when 105 is divided by m(n).
33
What is the remainder when (1 + -2)*(-103 + 1) is divided by (-1)/((-24)/18 - (-53)/42)?
4
Let g = 4033 - 2978. What is the remainder when g is divided by 66?
65
Let s(b) = b**2 - 23*b. Let p be s(31). Let l = p + -240. What is the remainder when 94 is divided by l?
6
Let y = 23 + -14. Let n(w) be the first derivative of w**4/4 + 6*w**3 - 3*w**2 - 37*w + 12. Calculate the remainder when n(-18) is divided b